-5*k + 55 = f*m. Is m prime?
False
Is 2396338/210 - (-4)/(-30) a prime number?
True
Suppose 2*h - 7*h + 90 = 0. Is 97*7 + h/(-9) prime?
True
Suppose 4*c + 2*t - 16 = 0, 4*c - 1 = 5*t + 1. Suppose -1 = s - d - c, 2 = 2*s - 3*d. Let g(b) = 13*b**2 + 5*b - 7. Is g(s) a composite number?
True
Suppose 0 = 3*j - 5*i - 42894 - 34678, 0 = -2*j + 4*i + 51714. Is j composite?
True
Let g(m) be the third derivative of m**6/60 - m**5/12 - m**4/12 + 8*m**2. Let w be 2 - 3*(0 + -1). Is g(w) a prime number?
False
Let n = 12 - 10. Let f = -1 + n. Is f/((-1674)/(-1671) - 1) a composite number?
False
Is 3/1 - (5 - 180/4) a prime number?
True
Let s(m) = 13*m + 10 - 6*m**2 + 3*m**2 - 46 - m**3 - 10*m**2. Is s(-19) a prime number?
False
Let b(h) = -h**3 - 3*h**2 + 5*h + 6. Let u be b(-3). Is 1006/8*(-5 - u) prime?
True
Let i = -70 - -142. Is 13411/4 - 3*(-6)/i composite?
True
Suppose -3*t = -i - 14, -3*t + 4*i + 11 = -6*t. Suppose l + 975 = 4*k - 825, -2*k - t*l = -914. Is k a prime number?
False
Let l = -60 + -84. Let u = -52 - l. Let y = u + 29. Is y a composite number?
True
Suppose -220 = -2*n + 50. Let m = n - -325. Let z = m + -255. Is z composite?
True
Let g = 233956 + -133787. Is g a prime number?
True
Suppose 4*a + 63 = -9. Let w be (-8)/(-6) - 12/a. Is (2/(-3))/(w/(-102)) prime?
False
Is 5 - 2*(7 + -7133) prime?
False
Let s(f) = f + 6. Let i be s(-6). Suppose 5*j + a = 743, i = -j - 4*a - 21 + 162. Is j composite?
False
Let l(d) = -3*d**2 - 5*d**2 + 5*d**3 + 3*d + 1 + 4*d**2. Let m(c) = 36*c - 138. Let b be m(4). Is l(b) a composite number?
True
Let h(a) = -2*a + 7. Let i be h(9). Let r(y) = 16*y - 7. Let k(f) = -16*f + 6. Let c(l) = -2*k(l) - 3*r(l). Is c(i) a prime number?
False
Let o = 1075 + 2680. Is o a composite number?
True
Let u(f) = f - 7. Let r be u(11). Suppose 0 = -3*x - 4*v + 1087, -2*x + r*v + 748 = 2*v. Suppose -4*t + t + x = 0. Is t composite?
True
Suppose -4*m = -2*t - 26, 2*m - 19 = 4*t + 3. Suppose -2*w + m*q + 466 = 0, -4*w - 4*q + 1238 = 362. Is w a composite number?
False
Let n = 30 - 24. Suppose 9*m - 7485 = -n*m. Is m a prime number?
True
Let x = 26 + -22. Suppose 0 = x*f, 5*p = 2*p + f + 180. Suppose -q = p - 473. Is q a prime number?
False
Let d = -10 - -13. Let u(r) = r - 2. Let i be u(d). Is i - -2*(-219)/(-6) prime?
False
Let y(j) = -5*j - 8 + 2*j + 2*j + 0*j. Let c be y(-6). Is 0 + (-4)/c - -291 a composite number?
False
Suppose -3*g + 5*w - 7 + 39 = 0, -2*g - 2*w = 0. Is g + (1 - 4) - -96 prime?
True
Let i = 177633 - 100886. Suppose 4*z = -7*z + i. Is z a prime number?
True
Let j = 178501 + -118112. Is j a composite number?
True
Let g = -9237 + 13622. Is g composite?
True
Suppose m - 195 = 4*b + 4854, -m = 2*b - 5037. Is m prime?
False
Is -7 + 1 - (-5120 + 0 + 15) composite?
False
Let b(h) be the second derivative of -2*h**5/5 - h**4/12 + h**3/3 + h**2 - 9*h. Is b(-2) a prime number?
False
Suppose -h = 3*l - 234, 2*l + 2*h - 26 = 134. Suppose l + 56 = 2*b - 5*v, 232 = 3*b - v. Is b composite?
False
Suppose 4*h - h = 825. Let l be (-3)/2 + h/(-22). Is (21/l)/(6/(-1048)) composite?
True
Suppose 218*t - 232*t = -1236214. Is t a prime number?
True
Suppose 5*g - 22037 = -d + 5*d, 0 = -g - d + 4411. Is g a prime number?
True
Suppose -4*a = 4*h - 41992, -5*a + h + 65377 - 12881 = 0. Is a composite?
False
Let i(c) = -c**2 + 8*c + 13. Let o be i(9). Let z be o - (2 - 0)/1. Is 4*z/((-8)/(-163)) a composite number?
False
Let b(p) = -2*p**3 - 5*p**2 + 4*p + 2. Let f = 47 - 51. Is b(f) composite?
True
Suppose -2 = f - 4, 4*f - 250 = 2*q. Let i = q + 970. Is i a prime number?
False
Suppose 0 = -37*o - 77556 + 907429. Is o prime?
False
Let d(o) = -19230*o - 271. Is d(-4) a composite number?
False
Let c(x) = -x**3 - x**2 - 10*x - 7. Let j = 6 - -26. Suppose -5*m - j = 5*q - 4*q, -2*m + 4*q - 4 = 0. Is c(m) a prime number?
True
Suppose p - 176 = 3*o + 275, 2*o - 918 = -2*p. Is p a composite number?
False
Let n = 476 - 105. Let q be 3 - (-4 - (n - -3)). Suppose 4*v = 7*v - q. Is v prime?
True
Let f(v) = -v + 2. Let x be f(2). Suppose -2*a + 0*a + 140 = x. Suppose o - a + 15 = 0. Is o a composite number?
True
Suppose 0 = -16*b + 21*b - 2*w - 139715, -3*b + 83803 = 4*w. Is b a prime number?
True
Let v(l) = 4*l + 35. Let t be v(-8). Suppose -533 - 88 = -3*n. Suppose t*s - 51 - n = 0. Is s a prime number?
False
Let g = -4 - -14. Suppose 2*l + 30 = 4*x - 8, 3*l + 43 = 4*x. Is 3952/g - x/35 prime?
False
Let o(z) = -16018*z - 33. Is o(-2) prime?
True
Suppose 2 + 9 = h. Let p = h + -7. Suppose p*q - 61 = -9. Is q composite?
False
Let u = -18717 + 26440. Is u a composite number?
False
Let x = -316 + 320. Let n = 68 - 108. Is (233/x)/((-10)/n) prime?
True
Is (-102 - -3)/11 - -5648 a composite number?
False
Let o = -1629 - -5900. Is o a composite number?
False
Suppose 2*t = 23696 - 4234. Is t a prime number?
False
Suppose 8 = -2*l + 3*l. Let n(r) = 16*r**3 + 4*r**2 + 17*r + 21. Is n(l) composite?
True
Let n be -4 + (-6)/(-1) + (-359 - 0). Is (-631)/(-17) + 42/n prime?
True
Suppose 2*d + 5*m = -2*d + 16, d = 4*m + 4. Suppose -d*u + 12 = 2*w, -7 = -4*u + w - 1. Is (-46449)/(-99) + u/(-11) a prime number?
False
Suppose 14*z + q + 64059 = 18*z, -16019 = -z - 4*q. Is z composite?
True
Suppose -5*q + 5*w + 107890 = 0, -8*w = 3*q - 9*w - 64744. Is q a composite number?
True
Let l(b) = -7*b + 4. Let t be l(0). Suppose -5*r + 940 = -5*k, -3*k = -t*r + 3*r + 182. Is r composite?
False
Suppose 57*s - 5769793 = 691556. Is s a composite number?
False
Let p(g) = -30 + 55 - 38 - 614*g. Is p(-3) a prime number?
False
Let j = -1497 + 2616. Is j a prime number?
False
Let s = -48 + 50. Suppose -j - 3*i = -55, -s*i - 11 - 67 = -2*j. Is j a prime number?
True
Let i(c) = 3*c**3 - 6*c**2 + 7*c - 4. Let n be i(4). Suppose 8*h - n = 544. Is h a prime number?
True
Let j = 7600 + -2303. Is j prime?
True
Let o = 27236 - 4559. Is o a prime number?
False
Suppose -21 = g - 25. Suppose k + 498 = g*k. Is k a composite number?
True
Suppose -t + 5 = 0, -2*y + 5*y - 4*t - 253 = 0. Suppose 2*h + y + 103 = 4*x, -5*x + 240 = -5*h. Is x composite?
True
Let r(q) = -4*q**3 - 5*q**2 + 10 + 11*q + 3*q**2 - 6*q**2. Let b(d) = -d**3 - d**2 + 1. Let l(o) = -5*b(o) + r(o). Is l(8) a prime number?
False
Suppose -20*f + 25 + 15 = 0. Let k = -37 + -92. Is (-1 - (k + 3)) + f a composite number?
False
Let b = -63 + 55. Is (-24)/20*1340/b a composite number?
True
Let b(m) be the second derivative of -m**5/20 - 3*m**4/4 - 7*m**3/6 + 12*m**2 + 16*m. Is b(-10) a prime number?
False
Suppose 8*b = 13*b - 60. Let k(s) = 2*s - 5. Is k(b) prime?
True
Let v = 1 - -15. Is ((-498)/(-15))/(v/40) a composite number?
False
Suppose 0 = 3*y + 4*v - 45043, 0 = 58*y - 63*y - v + 75066. Is y a prime number?
True
Suppose -4*g = -0*z + z, -4*g = 4. Suppose -4*c + z*u + 448 = 0, 5*c = 4*u - 2*u + 563. Is c composite?
False
Let a(c) = 51*c**2 - 6*c - 244. Is a(25) a prime number?
True
Let q = 13 - 10. Let j be 1/(q - (-604)/(-202)). Let l = 110 + j. Is l a prime number?
True
Let y(r) = 2*r**2 + r - 2. Let k be y(-2). Suppose 2*n + 158 = 4*l, 94 = 2*l - 0*l - k*n. Is l prime?
True
Suppose -4 = -4*l - 4*i, -4*l = -3*l - i + 7. Let f(h) = -81*h**3 - 3*h**2 + 3*h + 4. Is f(l) prime?
False
Suppose 3*h - 4*h + 8 = 0. Suppose -h*m + 389 = -107. Is m a prime number?
False
Let q(i) = 1109*i + 1286. Is q(7) composite?
False
Let f = 1994 + 504. Is f composite?
True
Let n(w) = -2*w**3 - 4*w**2 + 6*w + 7. Let c be n(-3). Let i(l) = 13*l**2 + 8*l - 8. Is i(c) a composite number?
True
Suppose -k = -6*o + 4*o - 24, o - 78 = -4*k. Suppose -k*d = -14*d - 8796. Is d composite?
True
Let m = -7651 - -21300. Is m a prime number?
True
Let d = -17 - -20. Suppose -3*y - 281 = -2*c + 290, -c = d*y - 290. Suppose -j - 36 + c = 0. Is j a composite number?
False
Is 3 + 0 + 1924 + 4 a prime number?
True
Suppose -6*a - 967 = -9241. Is a a prime number?
False
Is -20*(12925/(-20) + -8) a prime number?
False
Suppose 0 = 2*j - 6*j. Suppose j = -4*m + 2 + 26. Suppose -m*n + 465 = -4*n. Is n prime?
False
Suppose -a - 3*z + 21 = 0, -4*a + 4*z = -3 - 1. Suppose -111 = a*y - 3*y. Is 2*1/(-2)*y a prime number?
True
Let o = -10 + 20. Let k = -3 - o. Let z(r) = 2*r**2 - 6*r - 19. Is z(k) composite?
False
Suppose 20*n = -6*n + 257374. Is n prime?
False
Suppose 2*h = -